-20)/(-6). Let g be (3 + k)/1 - -3. Let h(a) = 2*a**3 - 2*a**2 + a - 2. Calculate h(g).
8
Let s(f) = -6*f - 4. Suppose -q + 0*q + 5 = 0. Suppose -8 = -q*g - 2*w - 21, -g - 3*w = 0. Determine s(g).
14
Let a(l) be the second derivative of 5/6*l**3 - 2 - 5*l + 1/20*l**5 - l**2 + 1/2*l**4. Calculate a(-5).
-2
Let a(i) be the second derivative of -13*i - 4*i**2 + 7/12*i**4 - 1/20*i**5 - 1/3*i**3 + 0. Determine a(6).
16
Let z(m) = -3 - 3*m + m**3 - 30*m**2 - 16*m**2 + 51*m**2. Let q be 20/(8/2)*-1. Calculate z(q).
12
Let v(a) = a - 5. Suppose -15 = 6*o - o, 3*o = -b - 6. What is v(b)?
-2
Let s(b) = -8 + 4*b - b - 4*b. Let u(f) = f**2 + 9*f + 12. Let r be u(-8). Suppose -24 = 4*c + l, -4*c - 16 = -l + r*l. What is s(c)?
-1
Let k(y) = 2 - 3*y**2 + y**3 + y + 2 + 0*y**3. Let n(j) be the second derivative of -2*j**3/3 + 19*j**2/2 - 11*j - 1. Let a be n(4). Determine k(a).
7
Let o(l) = -4*l + 1. Let s = 686 + -675. What is o(s)?
-43
Let b(x) = x**3 + 10*x**2 + 17*x + 9. Let p be b(-8). Let o(u) = 10 - 1 + u - p - 1. What is o(-7)?
0
Let q(u) be the first derivative of -u**2/2 + 3*u + 532. Suppose -6*n + 7*n + 25 = 3*y, 4*n = -16. Give q(y).
-4
Let c be (-428)/(-14) - 28/49. Let j be (3/9)/(2/c). Let h(i) = 5*i**2 + 0*i**2 + i - 2*i - i**3 + 4*i - 1. Calculate h(j).
14
Let a(i) = i**3 + 6*i**2 + 5*i - 1. Let t be (120/9)/((-6)/(-18)). Suppose 34*z - t*z - 30 = 0. Give a(z).
-1
Let v(s) = -22*s**3 + 8*s**2 + 11*s - 5. Let w(h) = 14*h**3 - 5*h**2 - 7*h + 3. Let l(m) = -5*v(m) - 8*w(m). Determine l(3).
-50
Let t(i) be the third derivative of -2/3*i**3 + 43*i**2 + 0 - 1/24*i**4 + 0*i. Calculate t(4).
-8
Let j(l) = -4*l - 6. Let y(d) = -3*d - 4. Let x(g) = 5*j(g) - 6*y(g). Give x(-7).
8
Let j be 0/(-2) - (2 - 2). Let v(h) = -7724*h**3 + h**2 + 3 + h + 3 + 7723*h**3. Determine v(j).
6
Let y(d) be the first derivative of -d**2 - 2*d + 571. Give y(-11).
20
Let h(s) = s**2 + 2*s - 25. Let b(u) = u**2 + u - 34. Let i(o) = -2*b(o) + 3*h(o). Give i(-5).
-2
Let g(f) = -15*f + 50. Let b(s) = 11*s - 49. Let a(p) = 4*b(p) + 3*g(p). Determine a(0).
-46
Let o(z) be the first derivative of -z**2 - 5*z + 1. Suppose -2*s = 3*s, 5*m + 2*s - 185 = 0. Let f = m + -43. What is o(f)?
7
Suppose 2*k - 14 = 3*f + 38, 2*k - 40 = -3*f. Let p = k + -5. Let g = p + -15. Let o(y) = y**2 - 4. Give o(g).
5
Let b = -28 + 46. Suppose -a - 5*z = -19, 2*a + 4*z = 4*a + b. Let q(s) = -6*s - 4*s - 3*s + 3 - 4. Calculate q(a).
12
Let y(l) = l**2 + 4*l - 1. Let n(u) = -u**2 - 21*u - 16*u + 49 + 28*u. Let r be n(-13). What is y(r)?
-4
Let b(i) = -i**3 + 6*i**2 - i + 7. Suppose -3 = -3*x + 6. Suppose -5*v - 51 = -x*s, 2*s = 2*v + 15 + 3. Let o = v + 18. Give b(o).
1
Let h be 2*5/(-10)*0. Let l(g) = 4*g + 3*g - 1 - 5*g - 3*g. Calculate l(h).
-1
Let j(i) = -5*i - 1. Let s = 25 - 24. Let b = s + -4. Let y(o) = -5*o - 1. Let n(v) = b*y(v) + 2*j(v). What is n(2)?
11
Let m(y) be the second derivative of y**5/20 - y**4 + 2*y**3 + 13*y**2/2 + y - 7. Determine m(11).
24
Let c(o) = 3*o - 438 - 2*o + 440. Let h(s) = -s - 7. Let p be h(-7). What is c(p)?
2
Let m be 302/(-4)*(-25 - -23). Let q = m - 148. Let u(h) = h**3 - 2*h + 1. Calculate u(q).
22
Let c(m) = -m + 34. Let k(z) = -10*z + 273. Let a(l) = 17*c(l) - 2*k(l). Determine a(-13).
-7
Suppose -3*s - 4 = 8. Let o(m) = 6*m + 16. Let a be o(s). Let r(b) be the second derivative of b**4/12 + 4*b**3/3 + b**2/2 - b. What is r(a)?
1
Let u(f) = 5*f + 5. Let j(g) = 2*g + 17. Let x be j(-7). Let z be ((-4)/6)/(2/x) - 5. What is u(z)?
-25
Let t(r) = 13*r + 9. Let z(p) = -7*p - 5. Let u(m) = -6*t(m) - 11*z(m). Give u(-6).
7
Let m(z) = z**3 + 13*z**2 + 2*z + 15. Suppose 203*r - 204*r - 13 = 0. Calculate m(r).
-11
Let m(d) = 50*d - 48 + 58*d - 109*d. Give m(0).
-48
Let u be 7*(-144)/(-63) + -4. Let y(h) = -h + 26. What is y(u)?
14
Let p(b) = -4*b**2 + 9*b + 12. Let k be p(3). Let t(l) = -3*l - 7. Determine t(k).
-16
Suppose -4*z = -3*a + 4, -a + 4 = -0. Suppose -4*t = -5*n - 5, n - z*n = -t. Let k(d) = -d - 4. Determine k(n).
1
Let d = 19 - 16. Let p(q) = 3*q**d - q**3 - 7 - 2*q - 3*q**3 + q. Suppose -7*y = -2*y. Give p(y).
-7
Let c(h) = 11*h**2 + 15*h + 24. Let m(l) = 4*l**2 + 5*l + 8. Let x(w) = 3*c(w) - 8*m(w). Determine x(-3).
2
Let h(f) = 10 - 358*f + 124*f + 120*f + 118*f. Determine h(-3).
-2
Let v(d) be the first derivative of 2*d**3/3 + d**2/2 + 4*d - 125. Give v(3).
25
Let c be -2 + 232/10 + 8/10. Suppose 10*i - c = 68. Let d(s) = -s**3 + 8*s**2 + 10*s - 5. What is d(i)?
4
Let x(m) be the second derivative of -m**4/12 - m**3/3 - 5*m**2/2 + 397*m. Calculate x(-8).
-53
Let j(s) be the first derivative of s**3/3 - s**2 - 16. Calculate j(2).
0
Let c(u) be the third derivative of u**5/60 + 11*u**4/24 + 10*u**3/3 + 9*u**2. Let z be c(-10). Let v(d) = -d**2 + 10*d - 1. Calculate v(z).
-1
Let v(x) = 3*x + 3. Suppose -5*z = 0, -4*d - 5*z = -0*z + 16. Let p(t) = 1. Let g(l) = d*p(l) + v(l). Determine g(1).
2
Let n(s) be the second derivative of -s**7/840 + s**6/180 + s**5/30 + s**4/12 - 5*s**3/6 + 5*s. Let j(k) be the second derivative of n(k). Determine j(-2).
10
Let v(y) = 37*y**2 - 5*y + 10. Let m(l) = 23*l**2 - 3*l + 7. Let h(b) = -8*m(b) + 5*v(b). What is h(-6)?
36
Let c = 9 - 14. Let i(v) be the first derivative of -v**3/6 - 3*v**2 + 3*v - 2. Let r(q) be the first derivative of i(q). Determine r(c).
-1
Let c(g) = 663*g - 657*g - 3*g**3 - 5*g**2 - 5 + g**3 + 3*g**3. Let d = 0 + 4. Determine c(d).
3
Let p(w) = -6*w - 5. Suppose u + 137 = -5*g + 140, -4*u - 38 = -5*g. Give p(u).
37
Let l(s) = -s**3 + 12*s**2 - s + 3. Suppose 5*h - 3*u - 23 - 37 = 0, -u = 0. Determine l(h).
-9
Let t(l) = -l**3 - 8*l**2 + l + 10. Let k(j) = j**2 + 8*j + 4. Let i(p) = p**3 + 3*p**2 + 4*p + 6. Let y be i(-3). Let c be k(y). What is t(c)?
2
Let m(x) = 2*x - 4. Suppose 14*d + 6 = -36. Give m(d).
-10
Let y = -496 - -499. Let f(g) = -g**3 + 5*g**2 - 8*g + 2. What is f(y)?
-4
Let u(k) be the first derivative of 2*k**3/3 + k**2/2 + 39. Determine u(-2).
6
Let j(h) = h**2 - 3*h - 8. Let g(i) = 3*i**2 + 3*i + 6. Let q be g(-6). Let p = q + -90. Calculate j(p).
10
Let a(r) = -2*r - 9. Let z(l) = -l**3 - 40*l**2 - 79*l - 129. Let s be z(-38). What is a(s)?
21
Let g(u) = u**2 + u + 8. Let m = 34 - 32. Suppose 0 = -8*f + 3*f + m*f. Calculate g(f).
8
Let v(j) = 7*j**2 + 2. Let a(l) = -l**2. Let y(z) = 6*a(z) + v(z). Let x(m) = m**2 + 6*m - 13. Let c be x(-8). Calculate y(c).
11
Let p(f) = -5 + 1 - 336*f**2 - f**3 - 15*f + 174*f**2 + 178*f**2. Determine p(15).
-4
Let x(g) be the second derivative of -g**3/3 - g**2 - 741*g. Determine x(6).
-14
Let b(j) = j**2 + j - 4. Let r(x) = 2*x - 11. Let i be r(-24). Let q = -62 - i. Give b(q).
2
Let w(h) = h**2 - 6. Let b(y) = -y**2 - 15*y - 41. Let v be b(-4). Give w(v).
3
Let w(f) = f**3 + 2*f**2 + f + 1. Let y(o) = 4*o**3 + 4*o**2 + o + 7. Let u(a) = 3*w(a) - y(a). Suppose -2*p = -0*p - 6. Give u(p).
-7
Let i(u) = -2*u**2 - 8*u - 7. Suppose -5*q - 4*b = -30, 0*q + 3*q - 10 = -4*b. Suppose 3*z - q = 5*z. Give i(z).
-17
Let j(x) be the third derivative of -x**7/1260 - x**6/240 + x**5/12 - 18*x**2. Let u(f) be the third derivative of j(f). Determine u(-3).
9
Let u(s) = -s + 18. Let t be u(9). Let x(d) = 5*d**2 - 2*d + 0*d**3 - 13*d**2 + d**3 + t*d**2. What is x(2)?
8
Let o(g) be the second derivative of -g**5/20 - g**4/3 + g**3/6 - 8*g**2 + 74*g. Give o(-5).
4
Let d(s) = -s**2 + 8*s + 1. Let u(b) = 2*b**3 + 74*b**2 + 72*b + 8. Let t be u(-36). Calculate d(t).
1
Let g(b) = -b**3 - 5*b**2 + b - 4. Let o be g(-5). Let q(w) = 11*w - 29. Let k(j) = 25*j - 62. Let n(f) = -4*k(f) + 9*q(f). Determine n(o).
-4
Let r(c) be the second derivative of -c**5/10 + c**4/12 + c**2 + 3*c + 6. Calculate r(2).
-10
Let p be 3/(((-1)/6)/((-7)/42)). Let n(t) be the second derivative of -4*t - 7/6*t**p + 0 - 1/2*t**2 + 1/12*t**4. Determine n(6).
-7
Let m(c) = 10*c**3 - 25*c**2 + 2*c - 27. Let f = 13 + -6. Let l(i) = 7*i**3 - 17*i**2 + i - 18. Let w(s) = f*l(s) - 5*m(s). Determine w(6).
-9
Suppose -2*j + 55*g + 6 = 56*g, -3*j = -5*g + 17. Let d(u) = -12*u**2 + 1. Determine d(j).
-11
Let r(j) = -5*j - 7. Suppose -2*f - 5*k - 5 = 0, -4*k + 8*k = 4*f + 24. What is r(f)?
18
Let j be 2/(-7) + (-46)/(-14). Let l(r) be the third derivative of 0 - 1/60*r**5 + 5/24*r**4 + 1/2*r**3 + 0*r + 44*r*